 5
Suppose 5*m = -23 + 8. Let w be m*2/(-6) + -1. Suppose w = -0*v - 3*v + 6. What are the prime factors of v?
2
Let o = 5 - 8. List the prime factors of (-3 - (2 + 0))*o.
3, 5
Let b = 38 - -4. List the prime factors of b.
2, 3, 7
Suppose -3*n + 14 = g, -3*n = -2*g - 5 - 3. Let u(a) be the second derivative of a**5/20 - a**4/12 + a**3/2 - a**2 - 2*a. What are the prime factors of u(g)?
2
Let w(z) = -10*z**3 - 2*z**2 - z. Let o = -3 - -2. Let t be w(o). List the prime factors of t - (-1 - -1) - -2.
11
Suppose x = -2*x + 30. List the prime factors of (-4)/x - (-62)/5.
2, 3
Let s(j) = 2*j - 2. Suppose 2*p - 3*y = y + 8, 0 = 2*y - 4. List the prime factors of s(p).
2, 7
Let c(g) = 2 + 2 - 10 + 5*g + 3. Let n(q) = q**2 - 3*q + 3. Let r be n(3). List the prime factors of c(r).
2, 3
Let w be (1 - 6/3) + 3. Suppose -w*g + 0*g + 3*s = -15, -13 = -g - 4*s. Suppose -g = -5*p + 11. List the prime factors of p.
2
Let f = -504 + 718. List the prime factors of f.
2, 107
Suppose -4*l - 2*l = -1062. List the prime factors of l.
3, 59
Let f be ((-2)/4)/(2/(-12)). Suppose 0 = 4*k + 4, 5*d + k - f*k = 32. What are the prime factors of d?
2, 3
Let b = -9 - -28. List the prime factors of b.
19
Let w(c) = c**3 + 5*c**2 + 3*c + 2. Let f be w(-4). List the prime factors of f/(-4)*-2 - -1.
2
Let w = -50 + 97. Suppose 0 = -5*v - 3*a - 6 + w, 0 = -3*v + 3*a + 39. What are the prime factors of v?
2, 5
Suppose -574 = -5*q + 221. List the prime factors of q.
3, 53
Let j = 63 - 42. List the prime factors of j.
3, 7
List the prime factors of (0 - -10) + 6/(-2)*-1.
13
Let f be 6/(-3 - (-45)/12). Suppose -4*u = 2*w - 44, 4*w - f = 2*w. List the prime factors of u.
3
Let c be (-1*1)/(2/(-4)). Let i(r) = 4*r - 2. What are the prime factors of i(c)?
2, 3
Let z = -3 + 10. What are the prime factors of 3196/119 - (-1)/z?
3
Suppose 4*h + h + 4*v - 1 = 0, 2*h + 2*v = 0. Suppose -4*b - 8 = -4*n + 6*n, b = -h. What are the prime factors of ((-5)/(-2))/(n/(-12))?
3, 5
What are the prime factors of (-4*2/4)/(1/(-17))?
2, 17
Suppose 3*p + 26 - 206 = 0. Let v = p + -37. List the prime factors of v.
23
Let a(t) = t**3 - t**2 - 1. Let x be a(3). Suppose -5*k = -3*h - 18 - x, k = -h + 7. What are the prime factors of k?
7
Let f = 0 - -5. What are the prime factors of ((-8)/(-5))/(1/f)?
2
Let g be ((-12)/(-10))/(4/120). Suppose -20 = -2*i + 3*q, 0*i - 5*q - g = -4*i. Suppose i*f = f + 21. List the prime factors of f.
7
Suppose -17 = -5*x - 7. Suppose 2*q = 3*n - 210, -3*q + 2*q + 140 = x*n. Suppose 0 = -2*i + 6*i - 3*b - 56, -3*b = -5*i + n. What are the prime factors of i?
2, 7
Let h(f) be the first derivative of f**3/3 - 2*f**2 + 6*f - 1. Let v be h(4). Suppose -4*u = 0, -2*o + u + v = 5*u. What are the prime factors of o?
3
Let s = -193 + 366. What are the prime factors of s?
173
Let c(h) = 33*h + 59. List the prime factors of c(9).
2, 89
Let w(k) = -20*k**2 - 2*k + 1. Let t be 0/2 - (0 - 1). Let d be w(t). What are the prime factors of d/(-6) + 1/2?
2
Let m = 39 - 68. Let y = -17 - m. List the prime factors of y.
2, 3
Suppose 0 = 7*j - 1555 + 400. What are the prime factors of j?
3, 5, 11
Let f(v) = 2*v**2. Let o be f(-1). Suppose r - o = -0. List the prime factors of 80/6 - r/6.
13
Let r = 10 - 7. Let p = 62 + -41. Suppose r*d - 54 + p = 0. What are the prime factors of d?
11
Let k = -5 - -7. Suppose o = -4*u + 67, 5*u - 113 = 5*o + k. What are the prime factors of u?
2, 3
Suppose 2*c = 3*k + 10 + 136, -4*c = 4*k - 312. List the prime factors of (-3)/(222/c + -3).
2, 19
Let u(f) = -f**3 + 9*f**2 - 11*f + 9. What are the prime factors of u(7)?
2, 3, 5
Suppose 8*i - 45 = 3*i. List the prime factors of (-959)/(-63) - 2/i.
3, 5
Suppose 0 = 2*p + 3 + 3, -4 = s + 3*p. Let w(x) = -4 - s*x + x + 0*x. What are the prime factors of w(-3)?
2
Let g be 2/5 + (-44)/10. List the prime factors of (1/(-3))/(g/132).
11
Let d = -7 + 21. What are the prime factors of d?
2, 7
Let z = 59 + 16. List the prime factors of z.
3, 5
List the prime factors of 4/(-14) - 366/(-7).
2, 13
Let g(x) = x**3 - 5*x**2 + x + 7. Let f be g(5). Suppose 2*h = -h - f. Let a(w) = w**3 + 6*w**2 + 2*w - 3. List the prime factors of a(h).
3, 7
Let b = 4 + -1. Suppose -2*c = b*c. Let w = c + 5. What are the prime factors of w?
5
Let o(u) = 33*u**2 - u. List the prime factors of o(1).
2
Suppose -q = q + 3*x + 10, -4*q = -2*x - 12. Suppose 2*a - 2*p - 16 = -2*a, 2*a + p = 16. Let g = a + q. What are the prime factors of g?
7
Suppose -2*w = 6 - 8. Suppose -6*i - 50 = -i. Let h = w - i. What are the prime factors of h?
11
Let f be 4 + 4 - (-1 - -3). Let a be (f/(-3))/(-4)*12. Suppose p + p = a. What are the prime factors of p?
3
Let w = -51 + 88. List the prime factors of w.
37
Suppose -5*f - 36 = 94. Let b = -16 - f. List the prime factors of b.
2, 5
Let r(a) = -a**2 - a - 4. Let n be r(0). What are the prime factors of 6/(-18)*n*12?
2
Suppose -v = -0*v + 2. Let m be (-6)/3 + (-58)/v. Suppose q - m = -4*h, -4*q + h = -29 + 6. What are the prime factors of q?
7
Let s(h) = h**3 - 5*h + 3. Let m be s(4). Let n = m - 17. Suppose 5*z - 32 = -3*l + z, z + n = 4*l. List the prime factors of l.
2
Let q be 2/(-4) - (-92)/8. Suppose q*u - 9 = 8*u. What are the prime factors of u?
3
What are the prime factors of (-59 - -1)*(-6)/4?
3, 29
What are the prime factors of ((-10)/(-4))/(1/10)?
5
Suppose g = -3*q + 15 - 4, 5*q - 5 = g. Suppose -6*n - 29 = -4*j - 3*n, -4*j + q*n + 26 = 0. Let t = 5 + j. What are the prime factors of t?
2, 5
Let i be (-48)/10 - 1/5. Let s = 5 - 20. List the prime factors of (i/s)/(2/60).
2, 5
Suppose 6*a - 18 = 3*a. Suppose 2*q + u + u = a, 9 = -2*q - 5*u. Suppose -q = -z - z. What are the prime factors of z?
2
Let u(k) = k**2 - 6*k. Let a be u(7). Suppose -10 + 32 = -3*q - 5*d, -d - a = -2*q. Let i(s) = 10*s. What are the prime factors of i(q)?
2, 5
Let h = 19 - 11. Let i = 5 + -3. Suppose 0*c + i*c - h = 0. List the prime factors of c.
2
Suppose -37 - 44 = -3*b. What are the prime factors of b?
3
Let r(o) be the third derivative of o**4/24 + o**3/2 + o**2. Let v be r(-3). Suppose 2*s + v*s - 6 = 0. List the prime factors of s.
3
Suppose 31 - 6 = h. What are the prime factors of h?
5
Let d be ((-3)/3 + 2)*2. Suppose 0 = -2*t - 3*t + h + 23, d*t = 5*h. List the prime factors of t.
5
List the prime factors of ((-4)/6)/((-34)/9231).
181
Let x = 89 + -5. Suppose 3*y + 0*y = x. List the prime factors of y.
2, 7
Let s = -10 - -27. Let b = -3 - -7. Suppose -z + 56 = b*n - 2*z, z = n - s. What are the prime factors of n?
13
Let y(i) = -29*i - 73. What are the prime factors of y(-8)?
3, 53
Let x(o) = -2*o + 6. Let v be x(-5). Suppose d - v = -d. List the prime factors of d.
2
Let x(f) = f + 24. List the prime factors of x(14).
2, 19
Suppose 2*s - 2 = s. Suppose -4*l - 3*h = -26 + s, 4*l + 2*h = 24. What are the prime factors of l?
2, 3
What are the prime factors of ((-796)/10)/((-14)/35)?
199
Let j be -5 - 5/(10/(-6)). Let f(n) = 4*n**2 - n + 2. What are the prime factors of f(j)?
2, 5
Let k be 33/(-12) + (-1)/4. Let y be (2 + 1*k)*-6. Suppose 5*u - 49 = y. What are the prime factors of u?
11
Let l(m) = -m**3 - m**2 + m + 4. Let v = 7 + -13. Let t(i) = -i**3 - 5*i**2 + 6*i. Let q be t(v). List the prime factors of l(q).
2
Suppose -3*t = 4*q - 13, 5*q - 3*t + 5 = q. Let l(m) = m - 1. Let j be l(q). Suppose -3*d + 3 = 0, 4*k - 4*d + j = 28. List the prime factors of k.
2
Suppose a = 5*a. Suppose a = 4*t - 32. What are the prime factors of t?
2
Suppose -d + 4 = 0, -4*d + 5*d + 3 = k. Let g = 4 + k. List the prime factors of g.
11
Let u(g) = -7*g**3 - 1. Let y be u(1). What are the prime factors of (-1 - y)*(1 + 1)?
2, 7
Let n = -6 + 9. List the prime factors of 26 - ((-6)/n + -1).
29
Suppose -600 = -6*x + 1566. List the prime factors of x.
19
Let d(u) = -2*u**2 + 5*u - 3. Suppose 0 = 5*g - 7*v + 2*v - 35, g - 4*v - 19 = 0. Let f be d(g). Let w(m) = -m - 1. List the prime factors of w(f).
5
Suppose 8 - 6 = -2*o. Let d(r) = -r + 5. Let z(n) = -4. Let c(q) = 3*d(q) + 4*z(q). List the prime factors of c(o).
2
Let m = -50 - -78. List the prime factors of m.
2, 7
Suppose 140 = -6*g + 398. List the prime factors of g.
43
Let g be (9 - 7)*(5 + -1). Let f(q) = q**2 - 8*q - 4. Let r be f(g). Let c(t) = t**2 + t - 4. What are the prime factors